7 is divided by 40?
7
Calculate the remainder when 582 is divided by 61.
33
Calculate the remainder when 816 is divided by 2.
0
Calculate the remainder when 101 is divided by 32.
5
Calculate the remainder when 427 is divided by 99.
31
Calculate the remainder when 306 is divided by 160.
146
Calculate the remainder when 410 is divided by 23.
19
Calculate the remainder when 172 is divided by 86.
0
Calculate the remainder when 1167 is divided by 117.
114
Calculate the remainder when 170 is divided by 54.
8
Calculate the remainder when 202 is divided by 29.
28
Calculate the remainder when 331 is divided by 79.
15
What is the remainder when 370 is divided by 34?
30
Calculate the remainder when 610 is divided by 41.
36
What is the remainder when 1979 is divided by 1967?
12
What is the remainder when 238 is divided by 28?
14
Calculate the remainder when 114 is divided by 41.
32
Calculate the remainder when 323 is divided by 27.
26
Calculate the remainder when 1640 is divided by 31.
28
What is the remainder when 403 is divided by 67?
1
Calculate the remainder when 250 is divided by 21.
19
Calculate the remainder when 18809 is divided by 330.
329
Calculate the remainder when 29 is divided by 7.
1
Calculate the remainder when 233 is divided by 59.
56
What is the remainder when 947 is divided by 55?
12
What is the remainder when 285 is divided by 44?
21
Calculate the remainder when 713 is divided by 106.
77
Calculate the remainder when 39899 is divided by 14.
13
What is the remainder when 128 is divided by 81?
47
Calculate the remainder when 337 is divided by 163.
11
What is the remainder when 81 is divided by 5?
1
Calculate the remainder when 59 is divided by 5.
4
Calculate the remainder when 4900 is divided by 813.
22
Calculate the remainder when 247 is divided by 28.
23
What is the remainder when 249 is divided by 82?
3
What is the remainder when 79 is divided by 17?
11
Calculate the remainder when 18863 is divided by 343.
341
Calculate the remainder when 492 is divided by 33.
30
What is the remainder when 422 is divided by 33?
26
Calculate the remainder when 178 is divided by 20.
18
Calculate the remainder when 159 is divided by 38.
7
What is the remainder when 925 is divided by 184?
5
Calculate the remainder when 86 is divided by 3.
2
Calculate the remainder when 46 is divided by 30.
16
Calculate the remainder when 2564 is divided by 285.
284
Calculate the remainder when 837 is divided by 29.
25
What is the remainder when 93 is divided by 32?
29
What is the remainder when 791 is divided by 11?
10
What is the remainder when 345 is divided by 3?
0
What is the remainder when 1954 is divided by 198?
172
What is the remainder when 1750 is divided by 23?
2
What is the remainder when 12 is divided by 10?
2
Calculate the remainder when 262 is divided by 46.
32
Calculate the remainder when 2673 is divided by 884.
21
What is the remainder when 3902 is divided by 122?
120
Calculate the remainder when 752 is divided by 366.
20
What is the remainder when 307 is divided by 29?
17
Calculate the remainder when 744 is divided by 18.
6
Calculate the remainder when 512 is divided by 77.
50
Calculate the remainder when 540 is divided by 188.
164
Calculate the remainder when 109 is divided by 11.
10
Calculate the remainder when 241 is divided by 36.
25
Calculate the remainder when 685 is divided by 43.
40
Calculate the remainder when 96 is divided by 34.
28
Calculate the remainder when 71 is divided by 16.
7
Calculate the remainder when 158 is divided by 41.
35
Calculate the remainder when 254 is divided by 17.
16
What is the remainder when 1102 is divided by 111?
103
What is the remainder when 436 is divided by 55?
51
Calculate the remainder when 3490 is divided by 50.
40
What is the remainder when 328 is divided by 66?
64
What is the remainder when 188 is divided by 49?
41
What is the remainder when 166 is divided by 60?
46
What is the remainder when 90 is divided by 27?
9
What is the remainder when 182 is divided by 32?
22
What is the remainder when 7676 is divided by 15?
11
What is the remainder when 2069 is divided by 2?
1
What is the remainder when 550 is divided by 46?
44
What is the remainder when 1810 is divided by 12?
10
What is the remainder when 4215 is divided by 351?
3
What is the remainder when 2785 is divided by 82?
79
What is the remainder when 6702 is divided by 5?
2
Calculate the remainder when 119 is divided by 33.
20
What is the remainder when 584 is divided by 154?
122
What is the remainder when 790 is divided by 8?
6
Calculate the remainder when 816 is divided by 171.
132
What is the remainder when 557 is divided by 144?
125
What is the remainder when 924 is divided by 186?
180
Calculate the remainder when 725 is divided by 10.
5
Calculate the remainder when 930 is divided by 84.
6
What is the remainder when 154 is divided by 13?
11
Calculate the remainder when 285 is divided by 139.
7
What is the remainder when 142 is divided by 43?
13
What is the remainder when 1655 is divided by 236?
3
What is the remainder when 54 is divided by 43?
11
What is the remainder when 325 is divided by 16?
5
Calculate the remainder when 188 is divided by 48.
44
Calculate the remainder when 5673 is divided by 5.
3
Calculate the remainder when 112 is divided by 74.
38
Calculate the remainder when 139 is divided by 14.
13
What is the remainder when 258 is divided by 118?
22
Calculate the remainder when 31414 is divided by 136.
134
Calculate the remainder when 4661 is divided by 21.
20
What is the remainder when 27 is divided by 26?
1
What is the remainder when 228 is divided by 143?
85
What is the remainder when 6701 is divided by 61?
52
Calculate the remainder when 158 is divided by 10.
8
Calculate the remainder when 213 is divided by 4.
1
What is the remainder when 1360 is divided by 226?
4
What is the remainder when 626 is divided by 40?
26
What is the remainder when 756 is divided by 155?
136
What is the remainder when 229 is divided by 21?
19
Calculate the remainder when 833 is divided by 19.
16
Calculate the remainder when 2337 is divided by 213.
207
Calculate the remainder when 111 is divided by 25.
11
What is the remainder when 4666 is divided by 1554?
4
What is the remainder when 72 is divided by 58?
14
Calculate the remainder when 889 is divided by 196.
105
What is the remainder when 5502 is divided by 5?
2
Calculate the remainder when 11561 is divided by 49.
46
Calculate the remainder when 62 is divided by 9.
8
What is the remainder when 2477 is divided by 20?
17
What is the remainder when 1285 is divided by 326?
307
What is the remainder when 224 is divided by 5?
4
What is the remainder when 5320 is divided by 408?
16
Calculate the remainder when 82 is divided by 11.
5
What is the remainder when 457 is divided by 168?
121
Calculate the remainder when 281 is divided by 38.
15
What is the remainder when 105 is divided by 42?
21
Calculate the remainder when 541 is divided by 187.
167
What is the remainder when 641 is divided by 43?
39
What is the remainder when 1374 is divided by 6?
0
What is the remainder when 132 is divided by 34?
30
Calculate the remainder when 5426 is divided by 92.
90
What is the remainder when 195 is divided by 7?
6
Calculate the remainder when 486 is divided by 43.
13
What is the remainder when 447 is divided by 131?
54
Calculate the remainder when 79 is divided by 16.
15
What is the remainder when 612 is divided by 175?
87
Calculate the remainder when 271 is divided by 102.
67
Calculate the remainder when 62 is divided by 33.
29
What is the remainder when 146 is divided by 59?
28
What is the remainder when 99 is divided by 12?
3
What is the remainder when 1004 is divided by 198?
14
What is the remainder when 60 is divided by 40?
20
Calculate the remainder when 457 is divided by 455.
2
What is the remainder when 1208 is divided by 62?
30
What is the remainder when 25 is divided by 11?
3
Calculate the remainder when 369 is divided by 74.
73
What is the remainder when 3472 is divided by 3469?
3
What is the remainder when 252 is divided by 54?
36
What is the remainder when 358 is divided by 72?
70
What is the remainder when 272 is divided by 143?
129
What is the remainder when 444 is divided by 61?
17
Calculate the remainder when 173 is